e of 6 + 15/4*o**4 + 1/3*o**3 + a*o - 1/2*o**2. Calculate i(1).
15
Let q(k) = -k**3 - 8*k**2 + 2*k + 12. Suppose -4*y + 3*r - 31 = 0, 0 = y + 5*r - 2 - 19. Let l(d) = -2*d**3 - 9*d**2 - 3*d - 4. Let n be l(y). Give q(n).
-4
Suppose 0 = 5*t - u + 8, 0*t - 4*t = u + 10. Let q = -3 - -6. Let y(v) = -5*v**3 + 6*v**2 - q*v**3 - 3*v**2 + 10*v**3. Give y(t).
-4
Let b(p) = p**2 + 19*p - 20. Let o be b(-20). Let l = o + -4. Let h(f) = f**3 + 4*f**2 + f - 1. Determine h(l).
-5
Suppose 0 = -5*r - c + 12 + 3, 0 = -4*r + 2*c - 2. Let b(j) = j**3 + 5*j + 6*j - 10*j + 0*j**2 - 5*j**r. Give b(5).
5
Suppose -3*x = -o, -3*x + 2 = -3*o + 8. Suppose 0 = 5*c - 6 - 9. Let z(f) = -3 + f**o - 6*f - f + 3*f + f - c*f**2. Determine z(4).
1
Let l(r) = -2*r + 4. Suppose -6*i - 45 - 15 = 0. What is l(i)?
24
Suppose 0 = 3*c - 5*y - 14, 15*y + 20 = 19*y. Let t(o) = o**3 - 14*o**2 + 13*o + 3. Give t(c).
3
Let s(f) = f**3 + 6*f**2 - 8*f - 4. Let k be 3*35/30*(-1 + -1). Give s(k).
3
Let d(i) = -4*i**2. Let x be ((-15)/35)/(3/(-21)) + -2. Calculate d(x).
-4
Let x(f) = -f**2 - 7*f - 7. Suppose -5*t = g - 2*g + 20, 12 = -3*g - 3*t. Calculate x(g).
-7
Let x(l) = l**3 + 3*l**2 - 9*l + 3. Suppose -4*q = -5*t - 29 - 0, 4*t + 3*q = -17. Let f be x(t). Let k(b) = b**2 + b - 2. What is k(f)?
0
Suppose -122*p - 64 = -106*p. Let w(n) = 8*n + 39. What is w(p)?
7
Let t(i) = -i**2 - 8*i + 6. Let q(p) = 76*p + 368. Let d be q(-5). Suppose 2*w - 34 = -a, 0 = w + a - 0*a - 18. Let c be 3/(d/w)*2. Calculate t(c).
6
Suppose -3*o + 26 = -4*s - o, -5*s + 3*o - 33 = 0. Let a(p) be the first derivative of -p**3/3 - 9*p**2/2 - 6*p + 88. Determine a(s).
12
Let a(f) = f - 1. Let i be 1/(-6 - 62/(-10)). What is a(i)?
4
Let i = 472 + -486. Let l(y) = 2*y + 17. Calculate l(i).
-11
Let q = 94 - 95. Let w(l) = 4*l**3 + l**2 - l - 1. Let o be w(q). Let d(i) = 1 - 5*i + i + i. Give d(o).
10
Let d(l) = -41*l - 63. Let u(r) = -15*r - 21. Let j(p) = -4*d(p) + 11*u(p). Give j(11).
10
Suppose 56 = 5*y - 9. Let r = -13 + y. Let d(b) = 2*b + 9 + r + 0 + 0. What is d(-6)?
-3
Let d(q) be the first derivative of q**4/4 + 4*q**3/3 + 3*q**2/2 + 3*q + 1. Let k = -19 + 19. Suppose -6 = 2*s - k. Calculate d(s).
3
Let f(r) = -4*r**2 - 13 + 6*r + 2*r**2 + 9 + 0*r**2. Give f(4).
-12
Let b be -2 - -2 - (2 + -2). Suppose 3*z - 8*z = b. Let m(x) = x**3 + x**2 - x - 15. Give m(z).
-15
Let o(l) = 24*l - 2 - 90*l + 31*l + 32*l. Suppose 4 = -u - 0. What is o(u)?
10
Let l(u) = -21*u**2 + 14*u + 20. Let x(s) = 11*s**2 - 8*s - 11. Let q(a) = -6*l(a) - 11*x(a). Calculate q(-1).
2
Suppose 0 = 72*b - 43 - 101. Let n(x) = x**2 - 5*x**2 + 0*x**2. Give n(b).
-16
Let c(f) = -3 + 2 + 0 + f + 2. What is c(2)?
3
Let r(j) = -8*j + 1. Suppose -4*x + 7 = 5*p, 5 = -4*p - p. Suppose -13 = -x*w - 2*a, 6*a - 27 = -2*w + a. Give r(w).
-7
Let c = -340 + 340. Let p(g) = g - 19. Calculate p(c).
-19
Let y(d) be the third derivative of d**6/120 - d**5/30 - d**4/12 - d**3/2 + 18*d**2. Give y(3).
0
Let p(y) be the third derivative of y**4/12 - 7*y**2. Let i(n) = 2*n - 6. Suppose 0 = 2*b - 9 - 1. Let o be i(b). What is p(o)?
8
Let y(v) be the third derivative of v**4/12 + v**3/2 - 90*v**2. Suppose p + 4*n - 6 = 0, -6*n = -3*p - 3*n - 42. Let h be 4*(-2)/p*-5. Calculate y(h).
-5
Let v(k) = -1 - 6 + 6 - 8*k + 12*k. Calculate v(4).
15
Suppose -20*u + u = 8*u + 27. Let c(z) = 4*z**3 - 5. Let p(j) = -j**3 + 1. Let q(x) = 2*c(x) + 9*p(x). Give q(u).
0
Let c(s) = s**2 - 2*s. Let w(n) = n**3 - 2*n**2 - 8*n. Let b(j) = -4*c(j) + w(j). What is b(6)?
0
Let u be ((-30)/(-8))/(4/16). Suppose -5*g + l - u = 6*l, -4*l = g + 12. Let z(o) = o - 4. What is z(g)?
-4
Suppose -1531*s = -1529*s + 10. Let m(v) = -v**2 - 9*v - 9. What is m(s)?
11
Let f(r) = r + 4. Let o(l) = 8*l + 1. Let v be o(-1). Calculate f(v).
-3
Let o(i) be the second derivative of -2*i**3/3 + 7*i**2/2 + 66*i. What is o(5)?
-13
Suppose -4*v + 4 = -4. Suppose -7*u - 48 = -2*o - 2*u, 5*o - 2*u = 78. Let i(k) = 16*k - 6 + o*k - 29*k - k**v. Determine i(0).
-6
Let r(a) = -11*a + 9. Let k(z) = -5*z + 4. Let t(i) = -9*k(i) + 4*r(i). Calculate t(-3).
-3
Let s(w) = -53*w - 3. Let a(v) = 29*v + 2. Let g(l) = -11*a(l) - 6*s(l). Determine g(-5).
1
Suppose -2*c + 5*c = 0. Let m(l) = 2 + 0 - 1 + 6*l + c*l. Let i = -14 + 13. Determine m(i).
-5
Let f(d) = 279*d - 278*d - 2*d**2 + 10*d**2 + 4 - 5. Calculate f(1).
8
Let t(x) = 5*x**2 - 9*x - 4. Let i(p) = 8*p**2 - 18*p - 7. Let j(z) = -3*i(z) + 5*t(z). Suppose -3*s - 27 = 3*d - 0*d, 0 = -4*d + s - 31. Calculate j(d).
-7
Let f(d) be the first derivative of -2 - d - 3/2*d**2. Let w(z) = -45*z + 407. Let c be w(9). Determine f(c).
-7
Let h(u) = -u**3 - 4*u**2 + 7*u - 7. Let s(f) = f**3 - 7*f**2 - 81*f + 33. Let l be s(13). Give h(l).
23
Suppose -l = -6*l + 15. Let s(m) = -m - 16*m**3 + 8*m**l + 2*m**2 + m**3 + 6*m**3. What is s(2)?
-2
Suppose -28 + 8 = -5*y. Let x(g) be the first derivative of -g**2/2 + 5*g + 1. What is x(y)?
1
Let p(h) be the third derivative of h**4/4 - h**3/2 - 335*h**2. Let k = 3 - 0. Give p(k).
15
Let u(d) = -d**2 + d + 7. Let w(t) = -3*t**2 + 5*t + 17. Let p(k) = 11*u(k) - 4*w(k). What is p(6)?
-9
Let m(o) = 2*o**2 - o + 4. Let q(i) = i**2 + 2. Let n(c) = 3*m(c) - 5*q(c). Let k = -121 + 143. Suppose -z + 12 = s + 3*s, s - k = -5*z. Determine n(s).
0
Let b = -2230 - -2235. Let w(z) be the third derivative of z**4/24 - 2*z**3/3 + z**2. Give w(b).
1
Let w be (-5 - (-3)/3) + 9. Let u(r) = -2*r**2 - 15*r + 8. Let b(k) = -k**2 - 7*k + 4. Let n(q) = w*b(q) - 2*u(q). Give n(-5).
4
Let z(q) = -q**2 + 311*q - 320*q + 6 + 8. What is z(-10)?
4
Suppose 5*j - 15 = -5*k, k - 4*j - j = 3. Let v(m) = -m**2 + m + 4. Determine v(k).
-2
Let c = -85 + 79. Let z(k) = k**3 + 7*k**2 + 9*k + 7. Determine z(c).
-11
Let m(j) = j - 2. Let d = 77 + -47. Let f be (-6)/3 - d/(-2). Suppose l = -o, -l = 3*o - 3 + f. Calculate m(o).
-7
Let o(v) = v + 14. Suppose -9*f = -f + 168. Let d be o(f). Let b(h) = -h**2 - 10*h - 8. What is b(d)?
13
Let c(t) = 6*t**2 - 4*t - 1 - 2 - 5*t**2 + 9 - t. Let a be (-6)/(-15) + (-54)/(-15). Give c(a).
2
Let g(s) be the first derivative of s**3/3 - 5*s**2 - 3*s - 104. Calculate g(8).
-19
Let m(l) = l**2 + l. Let f(q) = -9*q**2 - 8*q - 1. Let w(t) = -f(t) - 6*m(t). Calculate w(-2).
9
Let f(b) = -9*b**3 + 6*b**2 + 13. Let t(y) = 13*y**3 - 9*y**2 - 19. Let l(n) = -7*f(n) - 5*t(n). Give l(3).
-23
Suppose -2*a + 9 = a. Let g(s) = 0*s**a + 2*s**2 + s**3 + s - 2*s. Let n = 4908 + -4910. What is g(n)?
2
Let m(d) = -d**2 + 6*d + 4. Let g(k) = 55*k - 322. Let s be g(6). Determine m(s).
-12
Let v be (10/(-4))/((-2)/4). Let f(b) be the first derivative of 0*b + 6 - 1/3*b**3 + 5/2*b**2. Calculate f(v).
0
Let d = 2 - 0. Suppose 0 = -2*p + 10, -2*g = 3*p - 12 - 17. Let k(r) = 12 - r - 8 - r**d + r**3 + g - 2*r**3. Give k(0).
11
Let b(p) = 15*p + 283. Let f be b(-19). Let n(l) = 4*l**3 + 2*l**2 - l - 2. Give n(f).
-24
Suppose -6 = -i + d, -3*i - 5*d = -6*d - 12. Let b be i - (32/(-15) - (-4)/30). Let r(p) = p**3 - 6*p**2 + 4*p + 6. Determine r(b).
1
Let q be ((-4)/6)/((-2)/60). Let k = q + -19. Let d(r) = r + 1. Let w(u) = -12*u**3 - u**2 + 7*u + 6. Let v(b) = -6*d(b) + w(b). Determine v(k).
-12
Let l(a) be the third derivative of 7/6*a**3 - 1/60*a**5 + 1/24*a**4 - 28*a**2 + 0*a + 0. What is l(0)?
7
Let x(d) = -35*d + 2797. Let k be x(80). Let v(j) = -j**3 - 6*j**2 - 3*j - 6. Let t(i) = -4*i**3 - 25*i**2 - 11*i - 25. Let p(f) = 2*t(f) - 9*v(f). Give p(k).
-2
Let n = -16 - -6. Let g be ((-16)/n)/(4/10). Let y(i) be the third derivative of i**5/60 - 5*i**4/24 - i**3/3 - 18*i**2. What is y(g)?
-6
Let y be 15 - (2/12 - (-1107)/162). Let n(j) = -9*j + 66. Determine n(y).
-6
Suppose -4*f + 5*s + 25 = 4*s, 5*f = s + 30. Suppose 15*q = 10*q - f. Let r(j) = 2*j**2. What is r(q)?
2
Let x be 1 - 0*(-6)/24. Let p(h) be the second derivative of -9*h**5/10 + h**4/12 - h**2/2 - 2*h. Calculate p(x).
-18
Let j(f) be the third derivative of f**6/20 - f**5/30 + f**4/24 - f**3/6 + 2*f**2 + 35*f. Give j(-2).
-59
Let g be ((-15)/9)/((-10)/12). Let r(k) = -g*k**2 + 4*k**3 + k**2 + 10*k**3. Calculate r(1).
13
Let t(i) = -13*i - 13*i + 3*i - 1 - i**2 + 26*i. Suppose 8 = 4*j - 4*h, -2 + 0 = -j - 2*h. Give t(j).
1
Let n be (-1 + 0)*(7 + -8). Suppose -3*m = -2*m - n. Let v = 1 - m. Let d(s) = -s**2 - s